-71
Let o(m) = m**3 + 3*m**2 - 10*m - 5. Give o(-5).
-5
Let n(q) = -13*q - 106. Give n(-5).
-41
Let m(i) = -i**2 - 6*i - 4. Give m(-3).
5
Let g(a) = 7*a - 58. Calculate g(9).
5
Let x(k) = -14*k**2 + 9*k. Determine x(-3).
-153
Let b(h) = -h - 6. Calculate b(5).
-11
Let i(p) = -40*p - 1. What is i(2)?
-81
Let t(d) = -d**3 - 5*d**2 - 3*d + 3. What is t(-3)?
-6
Let y(x) = -x + 9. What is y(0)?
9
Let z(c) = 2*c - 7. Calculate z(6).
5
Let g(c) = 15*c + 8. Calculate g(3).
53
Let n(l) = -l**3 - 8*l**2 - 2*l + 2. Calculate n(-7).
-33
Let y(c) = -2*c**2 - 2*c + 139. Determine y(8).
-5
Let q(k) = -6*k + 50. Determine q(6).
14
Let t(k) = -65*k**3 + k**2 + 3*k - 2. What is t(1)?
-63
Let d(s) = 9*s - 99. Give d(11).
0
Let u(y) = y**2 - 39*y + 370. Determine u(15).
10
Let g(b) = b + 9. Give g(-10).
-1
Let p(s) = 20*s**3 + 1. Determine p(-1).
-19
Let n(y) = -8*y**2 + 1. Determine n(-1).
-7
Let s(a) = a**2 + a + 13. Calculate s(0).
13
Let a(b) = 3*b**3 + 3*b**2 + 4*b + 8. Give a(-2).
-12
Let h(n) = n**3 - 7*n**2 + 5*n. Determine h(6).
-6
Let w(o) = o**2 - 12*o - 13. Determine w(13).
0
Let p(q) = -q**3 + 14*q**2 - 14*q + 6. What is p(13)?
-7
Let h(r) = r**3 + 3*r**2 + 4*r + 2. Give h(-3).
-10
Let f(b) = -4*b + 78. Calculate f(19).
2
Let u(v) = -4*v + 9. What is u(7)?
-19
Let m(j) = j**2 + 51*j + 41. Calculate m(-50).
-9
Let f(x) = 2*x**2 + 54*x + 9. Give f(-27).
9
Let h(w) = 2*w**2 - w + 4. What is h(-3)?
25
Let d(a) = a**2 - 12*a + 7. Calculate d(9).
-20
Let m(q) = q**2 - 6*q - 16. Determine m(-3).
11
Let o(s) = -16*s - 97. Calculate o(-6).
-1
Let f(l) = -2*l**2 + 2*l + 32. What is f(7)?
-52
Let k(i) = 4*i - 36. What is k(11)?
8
Let g(h) = 3*h**2 - 51*h - 31. Determine g(18).
23
Let s(k) = -k**2 - 12*k - 26. What is s(-8)?
6
Let q(w) = 80*w + 3437. Calculate q(-43).
-3
Let r(d) = -3*d**2 - 6*d + 4. Determine r(-3).
-5
Let d(g) = g - 4. What is d(-3)?
-7
Let f(t) = -t - 9. Give f(-9).
0
Let b(r) = 2*r + 2. Determine b(-11).
-20
Let n(x) = -24*x + 72. Give n(8).
-120
Let k(a) = 5*a + 27. Give k(-6).
-3
Let b(j) = 4*j + 57. Give b(-16).
-7
Let a(r) = 3*r**2 - r + 7. Calculate a(3).
31
Let r(h) = -h**3 - h**2 + h + 16. Determine r(0).
16
Let g(f) = -f**3 - 4*f**2 + 3*f - 4. Give g(-6).
50
Let d(a) = a**3 + 10*a**2 + 8*a + 1. What is d(-9)?
10
Let f(k) = -k**2 + 8*k - 10. Calculate f(7).
-3
Let s(a) = a**3 - 6*a**2 + 5*a - 5. Calculate s(4).
-17
Let s(h) = -5*h - 43. Calculate s(-11).
12
Let c(x) = 5*x**2 + 14*x + 9. Calculate c(-6).
105
Let s(k) = -3*k + 14. Determine s(3).
5
Let f(x) = 11*x**2 + 1. Determine f(-2).
45
Let w(f) = -4*f - 42. What is w(-10)?
-2
Let r(b) = 16*b + 207. Calculate r(-12).
15
Let u(z) = 2*z + 9. Give u(-10).
-11
Let n(b) = 34*b**3 + b**2 + 4*b + 3. What is n(-1)?
-34
Let g(m) = -29*m - 14. What is g(-3)?
73
Let c(g) = 2*g**2 + 13*g + 10. Give c(-5).
-5
Let q(k) = -8*k**2 + 5*k + 3. What is q(3)?
-54
Let s(n) = 3*n**2 + 2*n - 3. What is s(2)?
13
Let l(d) = 9*d - 7. What is l(0)?
-7
Let c(l) = -l**3 - 16*l**2 - 30*l - 13. Calculate c(-14).
15
Let q(t) = -7*t**3 + 2*t**2 - 4*t + 3. Give q(1).
-6
Let p(f) = -f**3 - 21*f**2 + 16*f + 25. What is p(-22)?
157
Let n(c) = -c**2 + c + 1. Give n(4).
-11
Let g(v) = -2*v**2 + v + 4. Determine g(4).
-24
Let q(y) = 3*y**2 - 5*y - 4. Determine q(-4).
64
Let k(u) = u**2 + 18*u + 22. Determine k(-16).
-10
Let v(n) = -n**2 + 6*n - 7. What is v(7)?
-14
Let t(w) = 2*w**3 - 9*w**2 - 5*w + 30. Give t(4).
-6
Let a(b) = -4*b**2 - 2*b - 1. Calculate a(1).
-7
Let b(g) = g**3 + 24*g**2 + 24*g + 23. What is b(-23)?
0
Let o(a) = -7*a**2 - 79*a - 12. Calculate o(-11).
10
Let l(h) = -h**3 - 9*h**2 - 6*h - 11. Calculate l(-8).
-27
Let u(p) = 3*p**2 + 6*p + 13. Give u(-3).
22
Let c(z) = -z**3 + 4*z**2 - 2*z. Determine c(3).
3
Let k(s) = 5*s + 46. Give k(-11).
-9
Let p(r) = -27*r + 288. Calculate p(11).
-9
Let b(t) = -9*t + 26. Give b(4).
-10
Let t(j) = j**2 - j - 30. Calculate t(0).
-30
Let u(i) = 2*i + 20. Calculate u(-12).
-4
Let p(y) = -28*y + 80. Calculate p(3).
-4
Let a(t) = -t**3 - 7*t**2 - 8*t. Give a(-7).
56
Let z(o) = -8*o - 81. What is z(-8)?
-17
Let a(j) = -6*j**3 + j**2 - j - 2. Determine a(-1).
6
Let s(d) = -29*d + 151. Calculate s(5).
6
Let p(u) = u**3 + 6*u**2 - 3*u - 13. Give p(-6).
5
Let r(g) = g + 4. Calculate r(-5).
-1
Let z(w) = w**3 - 11*w**2 + 11*w - 20. Give z(10).
-10
Let o(h) = -7*h + 142. What is o(19)?
9
Let i(q) = -q**3 - 17*q**2 + 19*q + 11. What is i(-18)?
-7
Let s(t) = -11*t + 74. Give s(6).
8
Let k(p) = p**3 + 7*p**2 + 14*p + 63. What is k(-5)?
43
Let x(c) = -17*c**3 - c**2 - 2. What is x(2)?
-142
Let j(i) = -i + 3. Determine j(-2).
5
Let i(q) = 2*q**2 - 10*q + 17. What is i(6)?
29
Let x(q) = -4*q - 5. Give x(5).
-25
Let v(f) = -2*f + 30. Give v(18).
-6
Let s(r) = r**2 - 2*r - 13. Determine s(0).
-13
Let q(a) = -2*a**2 + 2*a - 4. Determine q(4).
-28
Let n(h) = h**3 + 5*h**2 - 3*h + 3. Give n(3).
66
Let d(z) = 18*z**2 - 6*z - 6. What is d(-1)?
18
Let a(p) = p**2 + 11*p - 11. What is a(-12)?
1
Let u(n) = 18*n**3 - n**2 + n - 1. Give u(1).
17
Let t(d) = -49*d + 340. What is t(7)?
-3
Let t(d) = -d**2 + 14*d + 18. Calculate t(-2).
-14
Let k(v) = v**2 - 6*v - 6. What is k(7)?
1
Let q(r) = -r**2 + 4*r + 5. Determine q(6).
-7
Let c(o) = 3*o - 1. Determine c(-4).
-13
Let y(x) = x**2 - 5*x - 3. Calculate y(4).
-7
Let f(b) = -b**2 + 6*b + 2. Determine f(6).
2
Let c(o) = -10*o**2 + 3*o + 1. Determine c(2).
-33
Let f(a) = -a**2 - 7*a + 21. Give f(-8).
13
Let b(p) = 2*p**3 - 8*p**2 + 6*p - 6. Give b(3).
-6
Let m(l) = l**2 - 14*l + 24. Determine m(12).
0
Let w(p) = -p**3 - 12*p**2 - p - 6. What is w(-12)?
6
Let c(h) = 10*h**2 + 439*h - 51. What is c(-44)?
-7
Let o(v) = -v**2 - v - 1. What is o(0)?
-1
Let j(n) = n**2 + 12*n + 12. What is j(-9)?
-15
Let b(s) = s**3 + 8*s**2 - 22*s - 11. Give b(-10).
9
Let v(o) = 36*o**3 + 2*o + 1. Calculate v(-1).
-37
Let g(t) = -3*t**3 + 3*t**2 - t + 1. Give g(2).
-13
Let u(k) = -k**2 - k + 1. Determine u(-2).
-1
Let x(v) = v**2 - 27*v - 11. Calculate x(27).
-11
Let j(k) = -k**2 + k + 21. Determine j(-5).
-9
Let g(v) = -2*v - 19. Give g(-9).
-1
Let c(k) = k**2 + 4*k + 14. Determine c(-5).
19
Let y(m) = m**3 + 11*m**2 + 8*m - 10. What is y(-10)?
10
Let y(b) = -b**2 - 23*b - 19. Give y(-24).
-43
Let l(c) = c**3 + 9*c**2 + 8*c + 5. Calculate l(-8).
5
Let b(m) = -98*m - 675. Determine b(-7).
11
Let a(h) = -2*h**3 - 14*h**2 - 6*h - 51. What is a(-7)?
-9
Let f(o) = o**3 - 26*o**2 - 28*o + 20. Calculate f(27).
-7
Let r(j) = -2*j**2 - 3*j + 1. Give r(-4).
-19
Let b(u) = u**2 + 5*u - 13. Give b(-5).
-13
Let y(v) = -v - 9. What is y(0)?
-9
Let u(b) = -6*b**3 - 2*b**2 + 4*b - 5. Give u(2).
-53
Let k(m) = 3*m + 46. Calculate k(-16).
-2
Let f(w) = -3*w**2 - 11*w + 1. Calculate f(-1).
9
Let f(l) = l**2 + 18*l + 24. Calculate f(-17).
7
Let t(y) = -y - 3. Give t(-5).
2
Let m(z) = -2*z - 2. Determine m(1).
-4
Let c(r) = r + 15. What is c(11)?
26
Let h(d) = -d**2 - 17*d + 30. Determine h(-14).
72
Let y(w) = -w - 11. Calculate y(-9).
-2
Let b(r) = -r**3 - 4*r**2 - 2*r - 124. Give b(0).
-124
Let d(y) = -99*y**2. Give d(1).
-99
Let f(v) = -v**3 + 10*v**2 + 8*v + 27. Determine f(11).
-6
Let a(u) = -u**3 - 8*u**2 - 7*u - 11. What is a(-7)?
-11
Let u(i) = i**2 - 29*i + 51. Determine u(2).
-3
Let g(b) = -b - 19. Determine g(4).
-23
Let l(g) = g**3 - 6*g**2 - 7*g + 12. What is l(7)?
12
Let t(x) = -18*x + 7. Determine t(2).
-29
Let z(f) = -f**3 - 6*f**2 - 2*f + 2. Give z(-6).
14
Let t(p) = p - 157. Give t(0).
-157
Let b(p) = 14*p**2 - 1. Give b(1).
13
Let o(l) = -2*l + 6. Determine o(-3).
12
Let m(p) = -p**2 + 81*p - 302. Give m(77).
6
Let p(q) = q**2 - 8*q - 13. What is p(9)?
-4
Let a(j) = -3*j + 4. Give a(4).
-8
Let q(u) = 4*u + 97. Determine q(-24).
1
Let t(y) = -y**2 + 4*y + 9. What is t(4)?
9
Let v(g) = 8*g - 115. Give v(15).
5
Let w(f) = f**3 - 21*f**2 + 22*f - 37. Give w(20).
3
Let a(k) = 3*k**2 + k - 8. What is a(3)?
22
Let l(x) = 6*x + 6. Give l(-6).
-30
Let h(g) = -g**2 - g + 2. Give h(0).
2
Let f(q) = 6*q + 20. Calculate f(-4).
-4
Let u(m) = -12*m - 378. Calculate u(-32).
6
Let t(u) = -10*u + 11. Give t(5).
-39
Let f(u) = u**3 + 2*u**2 + 2*u + 11. Calculate f(-3).
-4
Let n(b) = -2*b + 13. Calculate n(0).
13
Let c(a) = 18*a - 92. What is c(6)?
16
Let y(b) = -10*b - 7. What is y(-1)?
3